{"id":286,"date":"2019-02-04T14:35:25","date_gmt":"2019-02-04T13:35:25","guid":{"rendered":"http:\/\/www.moulin-dussart.be\/?page_id=286"},"modified":"2020-12-19T16:06:53","modified_gmt":"2020-12-19T15:06:53","slug":"historique","status":"publish","type":"page","link":"https:\/\/www.moulin-dussart.be\/?page_id=286","title":{"rendered":"Historique"},"content":{"rendered":"\n<p>Le moulin \u00e0 eau a \u00e9t\u00e9 la premi\u00e8re machine, construite par l&#8217;homme, mue par  une force naturelle. A l&#8217;origine sont apparus deux types de roues : la roue  horizontale, et la roue verticale. La roue horizontale est le type le plus simple&nbsp;:  situ\u00e9e juste sous les meules, elle fait tourner directement la meule tournante, sans  aucun engrenage, sans d\u00e9multiplication. La roue verticale impose l&#8217;utilisation d&#8217;un  m\u00e9canisme de renvoi d&#8217;angle, donc d&#8217;engrenages. C&#8217;est un m\u00e9canisme nettement plus  complexe. Au d\u00e9part, les molinologues s&#8217;accordaient \u00e0 penser que la roue verticale,  plus complexe, \u00e9tait une invention plus r\u00e9cente que la roue horizontale, mais la  d\u00e9couverte de textes anciens a mis \u00e0 mal cette certitude. Quoique plus simple,  la roue horizontale n&#8217;est pas forc\u00e9ment plus ancienne et il est fort probable  que l&#8217;\u00e9volution des deux techniques ait \u00e9t\u00e9 parall\u00e8le, les deux types de roues  existant en m\u00eame temps.  Ces m\u00eames auteurs s&#8217;accordent cependant pour dire que l&#8217;origine du moulin \u00e0 eau  remonte au 1<sup>er<\/sup> si\u00e8cle avant J\u00e9sus Christ.<br><\/p>\n\n\n\n<div class=\"wp-block-image\"><figure class=\"alignright is-resized\"><img loading=\"lazy\" src=\"http:\/\/www.moulin-dussart.be\/wp-content\/uploads\/2019\/02\/roue_cuiller.jpg\" alt=\"\" class=\"wp-image-289\" width=\"124\" height=\"206\"\/><\/figure><\/div>\n\n\n\n<blockquote class=\"wp-block-quote\"><p>Il existe de nombreux types de roue de moulin. Parmi celles-ci, la moins connue est sans doute la roue horizontale. Selon certains auteurs, c&#8217;est le type de roue le plus ancien, mais tous ne partagent pas le m\u00eame point de vue.<br> Cette roue, plac\u00e9e directement sous les meules peut cependant \u00eatre consid\u00e9r\u00e9e comme l&#8217;anc\u00eatre de la turbine. <br><\/p><cite>(\u00a9 provinciebestuur van Oost-Vlaanderen.)<\/cite><\/blockquote>\n\n\n\n<p>De l&#8217;Orient dont il est originaire, le moulin \u00e0 eau va \nprogressivement et irr\u00e9sistiblement conqu\u00e9rir toute l&#8217;Europe au point \nqu&#8217;entre le 11e et le 13e si\u00e8cle, tous les cours d&#8217;eau europ\u00e9ens seront \nam\u00e9nag\u00e9s pour actionner des roues.<\/p>\n\n\n\n<p>Un texte grec de 89 avant\n\tnotre \u00e8re s&#8217;adresse en ces termes aux femmes occup\u00e9es \u00e0 faire de la farine&nbsp;:&nbsp;\u00ab&nbsp;<em>Femmes\n\toccup\u00e9es \u00e0 moudre le bl\u00e9, cessez de fatiguer vos bras&nbsp;! Vous pouvez dormir\n\t\u00e0 votre aise et laisser chanter les oiseaux dont la voix annonce le retour de\n\tl&#8217;aurore. C\u00e9r\u00e8s ordonne aux Na\u00efades de faire ce que faisaient vos mains&nbsp;:\n\telles ob\u00e9issent, elles s&#8217;\u00e9lancent jusqu&#8217;au haut d&#8217;une roue\n\tet font tourner un essieu&nbsp;: l&#8217;essieu, par le moyen des rayons qui l&#8217;entourent,\n\tfait tourner avec violence les meules qu&#8217;il entra\u00eene. Nous voil\u00e0 revenus\n\t\u00e0 la vie tranquille de nos p\u00e8res&nbsp;: nous apprenons \u00e0 pr\u00e9parer les aliments\n\tet \u00e0 recueillir sans peine les fruits des travaux de D\u00e9m\u00e9ter<\/em>&nbsp;\u00bb.<\/p>\n\n\n\n<div class=\"wp-block-image\"><figure class=\"alignright\"><img loading=\"lazy\" width=\"300\" height=\"150\" src=\"http:\/\/www.moulin-dussart.be\/wp-content\/uploads\/2019\/02\/vieuxmoulin.jpg\" alt=\"\" class=\"wp-image-290\"\/><\/figure><\/div>\n\n\n\n<blockquote class=\"wp-block-quote\"><p>Une des plus anciennes repr\u00e9sentations d&#8217;un moulin dot\u00e9 d&#8217;une roue par dessous. (Archives de la ville de Bruges &#8211; 1460)<br><br><\/p><cite>\u00a9 provinciebestuur van Oost-Vlaanderen.<\/cite><\/blockquote>\n\n\n\n<p>Par ailleurs, ces roues ne serviront pas qu&#8217;\u00e0 produire de la farine.\n La roue hydraulique a permis le fonctionnement de nombreuses machines :\n forges, scieries, papeteries, pressoirs, pompes, etc. Jusqu&#8217;\u00e0 la fin du\n 19e si\u00e8cle, le moulin \u00e0 eau restera le centre nerveux des activit\u00e9s \nindustrielles et alimentaires. L&#8217;arriv\u00e9e de la machine \u00e0 vapeur d&#8217;abord,\n des autres sources d&#8217;\u00e9nergie ensuite, sonnera le glas des moulins \u00e0 eau\n dont le nombre ne cessera de d\u00e9cro\u00eetre depuis les ann\u00e9es 1880 jusqu&#8217;\u00e0 \nnos jours. Actuellement, il ne reste que quelques dizaines de moulins \u00e0 \neau en Wallonie et, parmi ceux-ci, tr\u00e8s peu sont encore capables de \ntravailler gr\u00e2ce \u00e0 leur \u00e9nergie d&#8217;origine : l&#8217;eau.<\/p>\n\n\n\n<p>Le moulin de Gentinnes trouve ses origines au milieu du 13e si\u00e8cle. \nD\u00e8s 1238, un moulin se trouvait d\u00e9j\u00e0 sur l&#8217;emplacement actuel du moulin \nqui, lui, date de 1852. A cette \u00e9poque, les deux roues qui \u00e9quipaient \nalors le moulin ont \u00e9t\u00e9 remplac\u00e9es par la roue \u00e0 augets actuelle. Depuis\n lors, et jusqu&#8217;en 1995, le moulin de Gentinnes n&#8217;a jamais cess\u00e9 ses \nactivit\u00e9s et, fait rare dans l&#8217;histoire des moulins, a toujours \nfonctionn\u00e9 gr\u00e2ce \u00e0 la seule force de l&#8217;eau.<\/p>\n\n\n\n<div class=\"wp-block-image\"><figure class=\"aligncenter\"><img loading=\"lazy\" width=\"452\" height=\"220\" src=\"http:\/\/www.moulin-dussart.be\/wp-content\/uploads\/2019\/02\/ancien_plan_moulin.jpg\" alt=\"\" class=\"wp-image-291\" srcset=\"https:\/\/www.moulin-dussart.be\/wp-content\/uploads\/2019\/02\/ancien_plan_moulin.jpg 452w, https:\/\/www.moulin-dussart.be\/wp-content\/uploads\/2019\/02\/ancien_plan_moulin-300x146.jpg 300w\" sizes=\"(max-width: 452px) 100vw, 452px\" \/><\/figure><\/div>\n\n\n\n<blockquote class=\"wp-block-quote\"><p>Extrait du plan annex\u00e9 \u00e0 la demande de permis de b\u00e2tir du moulin actuel, introduite en 1852 par la famille Minet, propri\u00e9taires \u00e0 l&#8217;\u00e9poque de l&#8217;ancien moulin.<\/p><\/blockquote>\n\n\n\n<p>Depuis la fin des ann\u00e9es &#8217;60, le moulin a cependant arr\u00eat\u00e9 la production de farine panifiable. Seule la fabrication d&#8217;aliments pour le b\u00e9tail s&#8217;est poursuivie jusqu&#8217;en 1995. Durant cette p\u00e9riode, le moulin a fonctionn\u00e9 avec une roue qui n&#8217;a cess\u00e9 de se d\u00e9labrer de plus en plus, jusqu&#8217;\u00e0 son arr\u00eat d\u00e9finitif, en hiver 1995\u2026<\/p>\n","protected":false},"excerpt":{"rendered":"<p>Le moulin \u00e0 eau a \u00e9t\u00e9 la premi\u00e8re machine, construite par l&#8217;homme, mue par une force naturelle. A l&#8217;origine sont apparus deux types de roues : la roue horizontale, et la roue verticale. La roue horizontale est le type le plus simple&nbsp;: situ\u00e9e juste sous les meules, elle fait tourner directement la meule tournante, sans aucun engrenage, sans d\u00e9multiplication. La roue verticale impose l&#8217;utilisation d&#8217;un m\u00e9canisme de renvoi d&#8217;angle, donc d&#8217;engrenages. C&#8217;est un m\u00e9canisme nettement plus complexe. Au d\u00e9part, les&#8230;<\/p>\n<p class=\"read-more\"><a class=\"btn btn-default\" href=\"https:\/\/www.moulin-dussart.be\/?page_id=286\">Lire la suite<span class=\"screen-reader-text\"> Lire la suite<\/span><\/a><\/p>\n","protected":false},"author":1,"featured_media":0,"parent":0,"menu_order":0,"comment_status":"closed","ping_status":"closed","template":"","meta":[],"_links":{"self":[{"href":"https:\/\/www.moulin-dussart.be\/index.php?rest_route=\/wp\/v2\/pages\/286"}],"collection":[{"href":"https:\/\/www.moulin-dussart.be\/index.php?rest_route=\/wp\/v2\/pages"}],"about":[{"href":"https:\/\/www.moulin-dussart.be\/index.php?rest_route=\/wp\/v2\/types\/page"}],"author":[{"embeddable":true,"href":"https:\/\/www.moulin-dussart.be\/index.php?rest_route=\/wp\/v2\/users\/1"}],"replies":[{"embeddable":true,"href":"https:\/\/www.moulin-dussart.be\/index.php?rest_route=%2Fwp%2Fv2%2Fcomments&post=286"}],"version-history":[{"count":9,"href":"https:\/\/www.moulin-dussart.be\/index.php?rest_route=\/wp\/v2\/pages\/286\/revisions"}],"predecessor-version":[{"id":334,"href":"https:\/\/www.moulin-dussart.be\/index.php?rest_route=\/wp\/v2\/pages\/286\/revisions\/334"}],"wp:attachment":[{"href":"https:\/\/www.moulin-dussart.be\/index.php?rest_route=%2Fwp%2Fv2%2Fmedia&parent=286"}],"curies":[{"name":"wp","href":"https:\/\/api.w.org\/{rel}","templated":true}]}}